ghest common divisor of 6 and m.
3
Let m(n) = 8*n + 3*n**2 + 0 - 2*n**2 + 12 + 0*n**2. Let v be m(-11). Suppose 3 + 14 = 3*r + 5*g, 19 = 3*r + 4*g. What is the greatest common factor of r and v?
9
Let p be ((-48)/18)/((-2)/3). What is the greatest common divisor of p and 28?
4
Suppose 2*n + 45 = 7*n. Let j be (3 - 1)*(-1 + n). Calculate the greatest common factor of 24 and j.
8
Let z(v) = -v**2 - 14*v - 27. Let m be z(-5). What is the highest common factor of 45 and m?
9
Let d(o) = o**2 - 2*o + 4. Let m be d(3). Let n be (-15)/4*168/(-18). Calculate the highest common factor of n and m.
7
Suppose 218 = 4*v - 2*o - 12, -o - 3 = 0. Let l be (v/12)/((-1)/(-12)). Calculate the highest common divisor of 14 and l.
14
Suppose -4*a + g = -0*a - 160, a - g - 40 = 0. Let v = 5 + -5. Suppose 4*b - h - 33 = v, -b - 5*h + h + 4 = 0. Calculate the highest common factor of a and b.
8
Let y(j) = j**3 - 7*j**2 + 7*j + 6. Let r be y(6). What is the greatest common divisor of 36 and r?
12
Let x = 11 + -7. Suppose -x*m + 213 = 81. Let c = -22 + 25. What is the greatest common factor of m and c?
3
Let a(j) = 5*j**2 - 6*j + 4. Let z be a(3). Suppose 4*m + 11 = z, 0 = 5*x + m - 305. Let t be 4/6 + (-16)/(-3). What is the highest common divisor of x and t?
6
Suppose 0 = -3*f - q + 10, 0*q = -4*f - 2*q + 16. Suppose -o - 3*c + 11 = -47, 3*c - 122 = -f*o. What is the greatest common divisor of o and 8?
8
Let d(m) = -3*m. Let q be d(-2). Suppose 0 = -2*l - l - q. Let s be l/(-3) - (-88)/3. What is the highest common factor of s and 12?
6
Let o be (-13)/3 + 2/(-3). Suppose -4*b - 26 = 14. Let w be o/b - (-78)/4. Calculate the highest common factor of 5 and w.
5
Let b = 30 - 14. What is the highest common divisor of 144 and b?
16
Let z be ((-18)/(-12))/((-3)/(-10)). What is the greatest common divisor of z and 35?
5
Let k be 3/(-6)*6 - -7. Let b be (19/k)/(4/16). What is the highest common divisor of b and 95?
19
Let h be 0/((-3)/1) - 0. Suppose -z + h = 4. Let k = 19 + z. What is the greatest common divisor of 165 and k?
15
Let w be (-1)/((-1)/4) + 1. What is the highest common factor of w and 35?
5
Suppose 2*a + 2*a - p = 22, 3*a = -p + 13. Let u = 96 - a. Suppose 5*n = -10 + 75. What is the greatest common factor of n and u?
13
Suppose -33 + 105 = 9*v. Calculate the highest common divisor of v and 36.
4
Let k be (-9)/18 + 39/2. Let o = k + -16. What is the highest common divisor of 9 and o?
3
Suppose -2*c = -6 - 8. Calculate the greatest common factor of 28 and c.
7
Let a(y) = y**2 + 5*y - 13. Let w be a(-8). Let j = 289 + -190. What is the highest common divisor of j and w?
11
Let t = 39 - 24. Suppose -3*j = 2*j - t. Suppose 3*x = p - 26 - 61, 5*x + 253 = j*p. Calculate the highest common divisor of 9 and p.
9
Suppose -5*d = -4*d - 4. Let b = 6 - 5. Let j be 2 - b/(-1)*6. What is the greatest common factor of j and d?
4
Let j(g) = -g + 1. Let b be j(-7). What is the highest common divisor of 8 and b?
8
Let u(z) = -z**2 - 5*z + 8. Let q be u(-7). Let y(v) = -v**2 - 8*v. Let p be y(q). Suppose -45 - 99 = -3*s. Calculate the highest common divisor of s and p.
12
Let j(a) = -66*a**3 - 2*a**2 - 2*a - 1. Suppose 2*d + 1 + 1 = 0. Let z be j(d). What is the greatest common factor of 26 and z?
13
Let k(y) = -y**3 - 13*y**2 + 15*y + 17. Let m be k(-14). Calculate the highest common factor of m and 9.
3
Let p(l) = 3*l + 58. Let n be p(-18). Calculate the highest common factor of n and 10.
2
Let c be -12*(-30)/(-9)*-1. What is the greatest common divisor of c and 60?
20
Suppose 14 = 4*t - 14. Let v be (-1)/(-7) - (-76)/t. What is the highest common factor of 11 and v?
11
Suppose 0 = -0*a + 4*a - 20. Calculate the highest common divisor of 40 and a.
5
Let a(p) be the second derivative of p**5/20 - p**4/2 + 2*p**3/3 - 3*p**2 - 4*p. Let k be a(6). Calculate the greatest common divisor of k and 18.
18
Suppose -68 = -4*s + 5*l, -3*l - 1 - 11 = 0. Let n = 89 + -5. Calculate the highest common divisor of s and n.
12
Suppose -3*i + 3*y + 51 = 0, 2*i + 4*y = -y + 20. Suppose -u = -12 - i. Let o be ((-2)/(-3))/((-2)/(-54)). Calculate the highest common divisor of u and o.
9
Suppose 3*i + 837 = 6*i. What is the greatest common factor of 31 and i?
31
Let y = 8 + -6. Suppose -4*a + 16 = -4*r, 14 = a + 2*r + y*r. Calculate the highest common divisor of a and 54.
6
Suppose i = 5*n + 3 + 6, n = -2*i - 4. Let p be (-6)/3*3/n. Calculate the greatest common factor of 1 and p.
1
Suppose -4*i = -61 - 11. Suppose -3*k + 4 = -2. What is the highest common factor of k and i?
2
Suppose 5*g + 0 = 5, -4*g = -t + 116. Calculate the highest common divisor of 15 and t.
15
Let z = -3 - -11. Let w = z + 1. Calculate the highest common divisor of 1 and w.
1
Suppose 10 = 3*g - 4*s, 5*g - 2*s - 25 = 15. Suppose g + 30 = 4*x. Let i(j) = -5*j + 50. Let b be i(8). What is the greatest common factor of x and b?
10
Let x(h) = h**3 - h**2 - h + 8. Let j be 0*((-3)/(-2) + -2). Let t be x(j). Let i be (3/1)/(12/64). What is the greatest common factor of i and t?
8
Let w = 14 - 10. Let g(l) = 5*l**2 - 3*l. Let t be g(3). Calculate the highest common factor of w and t.
4
Suppose -3*b + 3*r + 27 + 60 = 0, r - 79 = -3*b. Let o = b + -13. What is the highest common factor of o and 154?
14
Let y be ((-3)/6)/((-1)/16). Let v = y + -1. Calculate the highest common divisor of 1 and v.
1
Suppose -2*t = 2 - 4. Let b be (12 + t)/(1 + 0). Let s be 26/(3/3) - 0. Calculate the highest common factor of s and b.
13
Let b(y) = 2*y**2. Let j be b(-1). Let u(f) = f - 2. Let n be u(j). Suppose n*k - 2*k = -294. What is the highest common divisor of k and 21?
21
Suppose 2*o - 7*o + 495 = 0. Let s be (0 + -2)*(-33)/6. What is the greatest common factor of o and s?
11
Suppose 4*c = 4*a - 252, c = -4*a - 0*a - 53. Let n = c + 136. Let d(s) = 2*s + 5. Let z be d(5). What is the greatest common factor of n and z?
15
Suppose 0 = -5*i + 2*c + 6, 2*c - 6*c - 12 = -2*i. Suppose i = m + m - 130. Suppose -6 = -2*a + 20. What is the highest common divisor of m and a?
13
Let y = 95 - 40. Let i = 10 - -23. Let z be (-4)/(-3)*i/2. Calculate the greatest common factor of y and z.
11
Suppose 3*b - 2*a = 105, -b = 5*a - 20 + 2. Calculate the highest common divisor of b and 297.
33
Let a(k) = -2*k**3 - 3*k**2 + 3*k - 4. Let l be a(-4). Suppose -3*t - l = -7*t. Calculate the greatest common divisor of t and 2.
2
Let d(l) = l**2 - 4*l - 6. Let s be d(5). Let h = s + 5. Suppose h*w = -2*o + 386, 4*o = -15 - 5. What is the highest common factor of w and 11?
11
Let b be 52 - (2 - 3 - -3). Suppose -b = 4*a - 6*a. Calculate the highest common factor of a and 275.
25
Let v(y) = y**2 + 2*y - 5. Let f be v(5). Suppose f = 3*o - 0. Suppose -4*g - 2*b = -g - 21, -3*b + 14 = g. What is the highest common divisor of o and g?
5
Let h be (14 + 1)*(-4)/(-6). Suppose 5*t = -4*c + 26, 0*t - 18 = -3*t - 3*c. Suppose -t*y = -6*y + 40. Calculate the greatest common factor of h and y.
10
Suppose p + 21 = -2*p. Let y = p - -19. What is the greatest common factor of 60 and y?
12
Let s(q) be the second derivative of 2*q**3/3 - 7*q**2/2 - q. Let h = -9 - -16. Let p be s(h). What is the highest common factor of p and 3?
3
Let o = -1 - -3. Suppose -o*b + b = -3. Suppose 0 = b*z - 29 - 70. Calculate the highest common factor of z and 3.
3
Let k be 90/(-4)*12/(-9). Let l be k*((-5)/(-2))/5. What is the greatest common factor of l and 45?
15
Suppose 0 = 3*b - 8*b. Suppose z - 5*s + 11 = b, z + 0*s = -4*s + 25. Let y = 15 + -9. Calculate the highest common factor of y and z.
3
Let m(z) = z**3 - 9*z**2 + 15*z + 2. Let q be m(7). What is the greatest common divisor of 27 and q?
9
Suppose -16 = c - 6. Let r = 16 + c. Let o be (-1)/2 - (-57)/r. Calculate the greatest common factor of 45 and o.
9
Suppose -2*b - t = 3*t - 38, 4*b = -3*t + 51. Calculate the highest common factor of b and 9.
9
Let n(m) = -9*m + 3. Let u be n(3). Let g = -16 - u. Suppose 0*p + 3*p - 12 = 0. What is the highest common factor of p and g?
4
Suppose 28*p = 38*p - 60. Calculate the greatest common factor of p and 9.
3
Suppose -4*l + 4 + 4 = 0. Suppose l*u + f + 11 = 3*u, 0 = -5*u + f + 63. What is the greatest common divisor of u and 117?
13
Suppose -6 = -3*t + 2*y, -3*y - 6 = -y. Suppose 3*d + t = 15. Suppose -3*j + 5 